 0).
19
Calculate 43 + 0 + (-43 - 7).
-7
Calculate 70 + (-121 + -28 - -50).
-29
-9 - (-12 + 2 + 0 - (15 - 28 - 18))
-30
Evaluate (-6 + -40 + 64 - 44) + -30.
-56
What is the value of -2 - -19 - (-78 - (-7 + -55))?
33
Calculate 7 + (-18 - 6) - 25.
-42
Evaluate -83 + (-34 - -90) - 18.
-45
What is the value of -116 - (-46 + (15 + -9 - -15))?
-91
58 + -17 + -79 - -37
-1
Calculate 124 - (77 + 30) - (-1 + -39).
57
What is the value of 4 + (10 - 10) + 4 + 6?
14
What is -1009 + 1071 + -37 + -3?
22
What is (11 - 6 - -1) + (-64 - -76) + -26?
-8
(1 - -5) + (-13 - (4 - 95)) + 140 + -129
95
What is (-7 - (30 + -10 - -5)) + 86?
54
What is 17 + (82 - -6 - 40) - 1?
64
What is (-49 - -31) + 75 - 33?
24
Evaluate (123 - -33) + -107 + 2.
51
Calculate (-117 - -62 - -38) + 20.
3
What is 2 - -2 - (-26 + -4 + 57)?
-23
Evaluate (-6 - 54) + (11 - -16).
-33
40 - (10 + 8 + -11)
33
37 - ((3 - 41) + 108)
-33
Calculate -53 + -5 + -86 + 125.
-19
What is the value of 7 + -21 + 12 + -6 + (44 - -74)?
110
Calculate 8 + 3 - (-46 + (5 - 0) - -2).
50
Calculate -64 - (-1 - (-9 - -22 - -6)).
-44
-1067 + 1045 - (27 - (1 - 3))
-51
What is the value of -18 + (4 - 17) - -14 - 45?
-62
What is 149 - 119 - (22 - (50 + 21))?
79
Calculate -27 + (4 - -35) + -52.
-40
What is 41 + (-24 - (23 - -18))?
-24
Calculate -7 + (32 - 49) + 65.
41
What is (78 - -1) + -34 + 10 + 6 + 3 + 0?
64
Evaluate -20 + ((-17 - -17) + -10 - -3).
-27
Calculate (-5 - (-3 - -52)) + (27 - 34) - -11.
-50
Calculate 23 + 0 + -54 + (60 - -57) + -57.
29
-5 + (-5 + -14 - -18) + 18
12
What is 39 + (-19 - -27 - 1 - 28)?
18
Calculate 37 + -16 + (116 - 89).
48
(-5 + -2 + 20 - 3) + -41 + -10
-41
What is -1 - (36 - 52 - (1 + -1) - -21)?
-6
Evaluate (-3 - 17) + (176 - 17 - (12 + 10)).
117
What is -7 + ((-35 - (4 + -13)) + 8 + -2 - -12)?
-15
Calculate -6 + 12 + 33 + (-4 - (5 + -2)).
32
Calculate 109 + 1 + -4283 + 4327.
154
What is (-11 - (0 + 9) - -9) + 15 + 29?
33
Calculate 43 + (-15 - (-11 - (-7 - -9))).
41
Calculate -9 - (42 - 67) - 12 - (0 + 96).
-92
Calculate (-11 - -22) + -55 + 65 + -2.
19
What is -6 + 7 + 1 - 3 - (8 + -57)?
48
Evaluate -5678 + 5690 + -141 + 2 + 1 + -4.
-130
Calculate 13 - (-7 - (-1 - 12 - (461 + -451))).
-3
Calculate (465139 - 465125) + 1 + -1 + 47 + -1.
60
Calculate (-7 - (11 + -8)) + (96 + -62 - 50).
-26
Calculate (-12 - 0) + (43 - (48 + (-1 - 14) + -24)).
22
What is -7 + (14 - 6) - (83 + -101)?
19
What is -29 + (-24 - -4) - 5?
-54
What is the value of -2 + 11 + (62 - 40) + 0?
31
What is (-1150 - -1108) + 48 + 2?
8
Evaluate (31 - (-1 - 3)) + 0 + -17.
18
Evaluate ((9 - -50) + 11 - (-171 + 156)) + 3 + 1.
89
Calculate -142 + -29 + 41 + 34.
-96
What is (18 - -1) + (93 - 109)?
3
What is the value of -157 - 2 - (-1557 - -1475)?
-77
What is -11 + -31 + 18 + (73 - 194)?
-145
What is ((26 - 26) + (15 - 7) - (2 + 10)) + 1?
-3
What is the value of (-2 + 4 - (128 + -132)) + -52 + -1?
-47
What is the value of -2 + 31 + -6 - -4 - -34?
61
What is -198 + 152 + (0 - (11 + -9))?
-48
What is the value of -2 + 6 + 70 + -35 + 21?
60
What is -1 + 4 - -5 - (-164 - -150)?
22
What is 27 + (9 - 65 - -19) - (0 - -1 - -27)?
-38
What is 135 - 59 - 85 - -132?
123
What is 4 - -8 - 3 - 50 - (15 + -13)?
-43
Evaluate (-195 - -209) + 22 + -12.
24
What is the value of 16 + -9 - (-2 + 6) - ((-6 - 1) + 21)?
-11
What is (-4 - -3 - (-4 + (-1 - (-7 + -7)))) + -39?
-49
What is the value of -81 + 184 + -5 + -29?
69
Calculate -29 + -1 + 158 + (-123 - 6).
-1
51 - (-86 - -104) - ((-1 - (1 + 0)) + 9)
26
Evaluate 68 - 282 - -214 - (0 + (-83 + 1 - 2)).
84
What is the value of 7 + (-31 - (3 + 0) - (22 + -2 + -21))?
-26
Calculate (25 - (-3 - (-1 + -12 + 15))) + (12 - 5).
37
What is the value of -5 + -2 + 0 - (84 + (-42 - -3))?
-52
1 + -20 + (26 - 11 - 50) + 48
-6
238 + -155 + -12 + (31 - -16)
118
-33 + 5 + (106 - 46)
32
(-13 - (-19 - -23) - 25) + 22 + 70
50
Calculate 76 - (27 + (-56 + 5 - -32)).
68
57 + (-2 - (-4 - -2)) - (-1553 - -1550)
60
What is 4 + (-8 - -6) + 12 + (110 - 136) - -51?
39
What is -4 - (-31 + 32 - (5 - 1 - (-8 - -6)))?
1
What is the value of 5 - -18 - (19 + (-40 - -20 - 0))?
24
What is (8 - (61 - 7)) + -25 + 19?
-52
-4 + (5 - 5 - (-7 + 0)) - (78 + -12)
-63
49 + (-89 - (-103 + 79))
-16
Evaluate 1 + -27 - (120 + 104 + -183).
-67
Calculate 38 - (-4 - (-6 + -33)).
3
Evaluate -154 - (-120 + 26 + 53).
-113
What is -21 + 2 + 191 + -142?
30
Evaluate (-26 - 23) + (3 - (1 + -1) - -7).
-39
343 + -144 + 67 + -131
135
Calculate 26 + -20 + 14 - (58 - 19).
-19
Evaluate -6 - (-50 - -45 - (-13 - 0)) - 24.
-38
What is -84 - (22 + 8 + -28)?
-86
Evaluate (897 - 737) + (-109 - -7).
58
Calculate -42 + 13 + 7 + 4 + 13 + -4 + -24.
-33
Calculate (-34 + 21 - -22) + 110 + 16 + (2 - -2).
139
242 - (-159 + 239 - -61)
101
Calculate -96 - -107 - 12 - (0 + 0).
-1
Calculate (-48 - (9 - 73)) + 3 + -37.
-18
Evaluate -61 - (0 + -3 + 10 - 2 - (-246 - -258)).
-54
What is the value of -1 + -51 + 2768 + -2747?
-31
Calculate 41 + -34 + 28 + -4.
31
Calculate 37 + (11 - (58 - 22)) + 34.
46
Evaluate (-1 - 10) + (-34 + 40 - (-40 - -6)).
29
Calculate (10 - (-4 + 3 - -25 - -7) - 2) + -1.
-24
Evaluate (15 - 4) + -6 + -2 + (98 - 29).
72
What is 120 + (-35 - -15) + 36 + -19 + -33?
84
Calculate 1 + -14 + (53 - -9) + -3 + 12.
58
Evaluate (-6 - (13 + -5 + -2)) + -41 + 30.
-23
-31 - (8 - 6 - (0 - -18))
-15
What is 7 - (21 + 18 + 19 + -44)?
-7
What is the value of 7 - (-18 + (-57 - -17) - 14)?
79
Calculate (12 - (-2 - -2) - 0) + 310 + (-222 - 97).
3
135 - (-2 + -9 + (20 - 5) + (-33 - -14))
150
4 - (3 + 10) - (8 - (11 - -42))
36
What is -107 + 1 + (7 - (13 - -2)) + 55 + -42?
-101
What is the value of (-43 - -45) + 4 + 0 + -1 - 4?
1
160 - 241 - (-31 + -29)
-21
((39 - 21) + 7 - 43) + 7
-11
Evaluate 2 - 74 - (483 - 527).
-28
Calculate 4 + 64 + (-17 + 24 - 22) - -6.
59
Calculate -2 - 7 - (-29 + (6 - (-19 - -14))).
9
What is 1 - ((69 - 129) + 28)?
33
-1 + -10 + (-36 - (-60 - -3)) + -37
-27
-15 - -6 - (50 - 96) - -16
53
Calculate 1 - (-74 - ((259 - 240) + 0 + -16)).
78
49 + 3 + -3 + (13 - (22 + -11 + -2))
53
Evaluate 22 - ((93 - (-14 - -34)) + -24).
-27
What is the value of (329 - 183 - 166) + (0 - 54)?
-74
What is -59 - (-8 - (9 - 27 - ((-12 - 11) + 10)))?
-56
Calculate (32 - -19 - 31) + (5 - 1 - -1).
25
Evaluate 109 + -2 + (-44 + 119 + -37 - (3 - -22)).
120
What is -7 + 0 + 10 + (0 - 8 - -37)?
32
What is the value of 54 + -91 + -6 + 2 + -30?
-71
Evaluate -335 + 289 - (-24 + -4 + 8).
-26
What is 6 + (1 - (-9 - -2) - 16) + (-10 - 9)?
-21
Calculate -8 - -12 - ((19 - 42) + -109).
136
What is the value of 103 + 32 + (2 - (-11 + 25))?
123
Calculate (90 - -23) + -156 - 7.
-50
12 - (4 + 3) - -5 - (-21 + (-6 - -56))
-19
36 + -30 + 38 + -123
-79
What is -1848 + 1846 + (0 - 0 - (4 - 8))?
2
Evaluate -2 + 18 + -35 + (-6 - -16) + 23.
14
Evaluate 2 - (-12 - -15 - 13 - 28).
40
Evaluate 8 + 82 - 8 - ((6 - -4) + -20).
92
Evaluate 17 + (-53 + 70 - (-19 - 9)).
62
Calculate (63 - -2) + 9 + (24 - (4 + -6 - -18)).
82
What is (-92 - (-122 + 47)) + 18 + 1?
2
(3 - 80) + (1078 - 1112)
-111
What is the value of 20 + (-20 - 7 - -10) + 29?
32
What is (-1 - -111) + -336 + 345 + 7?
126
Evaluate -95 + 173 + (16 - -7).
101
Evaluate 254 + 5 + -240 + (-84 + 1 - 1).
-65
14 + -2 + -3 + -21 + 6 - (38 + -1)
-43
What is the value of 8 + -12 + (3 - 5) + (58 - 4) + -6?
42
-963 - -942 - (-5 + (-1 - (-1 - 0)))
-16
(79 - (-18 + 49) - 26) + -137 + (-4 - -1)
-118
What is 26 + 6 + -11 + -28 - 17?
-24
-58 - (8 + 9 + -48)
-27
What is the value of -62 - (-49 - (3 + -1))?
-11
What is 16 - ((-20 + 43 - 1) + -10)?
4
(76 - -11 - 56) + 24
55
What is (-7 - (15 + -13 + 7)) + -37 + 157?
104
Calculate (18 - (7 - 10)) + (-4 - 1) + (105 - 96).
25
(-134 - -74) + 10 + (25 - 15)
-40
What is the value of -74 - (89 - 188 - -133)?
-108
Evaluate -33 - -2 - (15 + 2 + 8 + -43 + 19).
-32
What is (61 - 50) + -96 + (16 - 1)?
-70
-81 + (41 - -29) - (-49 - (1 + -1))
38
Calculate 9 + -61 + (-19 + -9 - -41).
-39
What is -29 + (9 + -3 - (3 - (-4 + 5))) + 0?
-25
Evaluate (27 - 42) + 0 + 25 + -4 - (-3 - -78).
-69
What is 93 - (18 - (-13 + 9 - -10))?
81
What is (4 - 3) + -2 - -5 - (-14 + 17 + 4)?
-3
Calculate -7 + (17 - 3 - -33) + 3 + -10.
33
What is 8 + -17 + (-1 + (-1 - 5) - (-37 - -11))?
10
(-24 - -131) + -128 - (10 + 0 + 0) - -10
-21
Calculate 82 - 7 - 4 - (5 + 12 + -19 + 9).